039
What are the prime factors of 36547623?
3, 7, 47, 12343
List the prime factors of 1353693083.
23, 421, 139801
List the prime factors of 132742058.
2, 66371029
List the prime factors of 178984426.
2, 7477, 11969
List the prime factors of 3302785875.
3, 5, 1217, 7237
List the prime factors of 7220217.
3, 29, 37, 2243
List the prime factors of 452677150.
2, 5, 9053543
List the prime factors of 5339012471.
13, 23, 509, 35081
List the prime factors of 14486940.
2, 3, 5, 13, 41, 151
List the prime factors of 686798099.
13, 52830623
What are the prime factors of 173134119?
3, 57711373
What are the prime factors of 1075071580?
2, 5, 11, 4886689
List the prime factors of 2660099072.
2, 17, 152809
What are the prime factors of 91094362?
2, 6389, 7129
What are the prime factors of 216546550?
2, 5, 11, 393721
List the prime factors of 1793294835.
3, 5, 9029, 13241
What are the prime factors of 690788834?
2, 541, 638437
What are the prime factors of 27745802?
2, 7, 17, 116579
List the prime factors of 8784056.
2, 83, 13229
List the prime factors of 479712050.
2, 5, 233, 41177
List the prime factors of 2110359801.
3, 11, 63950297
List the prime factors of 1552313791.
7, 47, 4718279
What are the prime factors of 272705140?
2, 5, 31, 43, 53, 193
List the prime factors of 90907498.
2, 11, 4132159
List the prime factors of 97759057.
11, 281, 31627
What are the prime factors of 322471392?
2, 3, 379, 8863
List the prime factors of 20704078.
2, 10352039
List the prime factors of 4246664145.
3, 5, 61, 257, 18059
What are the prime factors of 15607366?
2, 43, 347, 523
What are the prime factors of 166573589?
7, 13, 19, 13763
List the prime factors of 42456727.
73, 581599
List the prime factors of 247826419.
1693, 146383
List the prime factors of 456645685.
5, 227, 402331
What are the prime factors of 153031592?
2, 7, 1459, 1873
What are the prime factors of 183584866?
2, 257, 357169
List the prime factors of 431149854.
2, 3, 1087, 66107
What are the prime factors of 57140979?
3, 7, 2720999
What are the prime factors of 220022450?
2, 5, 191, 23039
What are the prime factors of 128457513?
3, 14273057
What are the prime factors of 58234053?
3, 3767, 5153
List the prime factors of 1707367354.
2, 7, 11, 1007891
What are the prime factors of 4668355925?
5, 61, 199, 15383
List the prime factors of 1037378251.
7, 13, 11399761
What are the prime factors of 115126504?
2, 14390813
List the prime factors of 4160680945.
5, 347, 2398087
What are the prime factors of 14335622?
2, 7, 1023973
What are the prime factors of 34091631?
3, 7, 180379
What are the prime factors of 21055961?
21055961
List the prime factors of 49571958.
2, 3, 8261993
List the prime factors of 128515217.
128515217
List the prime factors of 29590385.
5, 11, 197, 2731
List the prime factors of 16669429.
7, 2381347
What are the prime factors of 106545122?
2, 19, 2803819
What are the prime factors of 110190399?
3, 11, 31, 107713
What are the prime factors of 4458551749?
8761, 508909
List the prime factors of 2891927268.
2, 3, 80331313
List the prime factors of 356487628.
2, 7, 12731701
What are the prime factors of 54634469?
877, 62297
List the prime factors of 83553693.
3, 83, 335557
List the prime factors of 1120812079.
1120812079
List the prime factors of 96823403.
127, 762389
List the prime factors of 30829183.
7, 11, 8171
What are the prime factors of 2974395215?
5, 11, 811, 66683
List the prime factors of 197357834.
2, 98678917
What are the prime factors of 79424046?
2, 3, 13, 31, 10949
List the prime factors of 112195349.
7, 467, 4903
List the prime factors of 350769770.
2, 5, 13, 2698229
List the prime factors of 235063707.
3, 78354569
What are the prime factors of 127476213?
3, 89, 477439
What are the prime factors of 554107700?
2, 5, 5541077
What are the prime factors of 48660528?
2, 3, 7, 17, 1217
List the prime factors of 1121484079.
79, 14196001
List the prime factors of 106033136.
2, 11, 602461
What are the prime factors of 879575875?
5, 89, 79063
List the prime factors of 839238082.
2, 17, 1451969
What are the prime factors of 107186901?
3, 307, 116381
What are the prime factors of 93031978?
2, 13, 359, 9967
List the prime factors of 85749807.
3, 11, 13, 137, 1459
List the prime factors of 39101657.
7, 29, 3931
List the prime factors of 775226004.
2, 3, 7, 9228881
List the prime factors of 71641592.
2, 11, 199, 4091
What are the prime factors of 30570294?
2, 3, 53, 251, 383
List the prime factors of 1516617959.
29, 157, 333103
List the prime factors of 31019698.
2, 41, 378289
What are the prime factors of 372877761?
3, 757, 164191
What are the prime factors of 86328490?
2, 5, 31, 278479
What are the prime factors of 40471358?
2, 20235679
What are the prime factors of 1090326067?
2161, 504547
What are the prime factors of 40748259?
3, 13582753
List the prime factors of 1578150660.
2, 3, 5, 26302511
What are the prime factors of 249443873?
7, 17, 461, 4547
What are the prime factors of 12462357?
3, 829, 5011
List the prime factors of 3939924.
2, 3, 328327
What are the prime factors of 170290534?
2, 85145267
What are the prime factors of 46010357?
46010357
What are the prime factors of 6402822?
2, 3, 1067137
What are the prime factors of 424295329?
23, 331, 55733
List the prime factors of 2477225456.
2, 6397, 24203
List the prime factors of 47387937.
3, 83, 190313
What are the prime factors of 53490498?
2, 3, 8915083
What are the prime factors of 2056146185?
5, 411229237
List the prime factors of 548688643.
43, 317, 40253
List the prime factors of 71453389.
7, 10207627
List the prime factors of 505095442.
2, 929, 271849
List the prime factors of 75640565.
5, 7, 11, 13, 17, 127
List the prime factors of 232130578.
2, 3851, 30139
What are the prime factors of 1467660960?
2, 3, 5, 1019209
What are the prime factors of 129931396?
2, 7, 223, 20809
What are the prime factors of 10178524?
2, 2544631
What are the prime factors of 53010410?
2, 5, 73, 72617
List the prime factors of 541574696.
2, 13, 397, 1009
List the prime factors of 463580768.
2, 7, 41, 7211
What are the prime factors of 58537702?
2, 29268851
What are the prime factors of 33158278?
2, 71, 233509
List the prime factors of 113131004.
2, 7, 82457
List the prime factors of 53583510.
2, 3, 5, 1786117
List the prime factors of 2670240091.
311, 8585981
List the prime factors of 1401863434.
2, 19, 479, 77017
List the prime factors of 704154934.
2, 7, 19, 73, 36263
What are the prime factors of 1642212717?
3, 547404239
What are the prime factors of 1194272753?
71, 16820743
What are the prime factors of 6888644350?
2, 5, 7, 19681841
List the prime factors of 51951739.
7, 7421677
List the prime factors of 5298818737.
223, 347, 68477
List the prime factors of 10267920.
2, 3, 5, 13, 1097
List the prime factors of 1058000065.
5, 4339, 48767
What are the prime factors of 3468031823?
67, 79, 655211
What are the prime factors of 101916988?
2, 19, 701, 1913
List the prime factors of 32421505.
5, 19, 31, 101, 109
What are the prime factors of 1129750226?
2, 11, 53, 968911
What are the prime factors of 382832272?
2, 1699, 14083
List the prime factors of 2679295.
5, 535859
What are the prime factors of 47744111?
47744111
What are the prime factors of 981805546?
2, 490902773
List the prime factors of 163332975.
3, 5, 13, 167521
List the prime factors of 34994267.
7, 11, 37, 71, 173
List the prime factors of 175857611.
1187, 148153
What are the prime factors of 30084920?
2, 5, 23, 53, 617
What are the prime factors of 70173482?
2, 35086741
What are the prime factors of 2825724815?
5, 565144963
List the prime factors of 373758100.
2, 5, 47, 281, 283
What are the prime factors of 2321051503?
2321051503
What are the prime factors of 247563937?
379, 653203
List the prime factors of 13144241.
11, 101, 11831
What are the prime factors of 121410423?
3, 409, 32983
List the prime factors of 4464755383.
11, 405886853
List the prime factors of 2437039263.
3, 239, 3398939
What are the prime factors of 1024167375?
3, 5, 7, 11, 563
List the prime factors of 288108783.
3, 32012087
What are the prime factors of 3139562602?
2, 11, 197, 724403
What are the prime factors of 6198538?
2, 3099269
What are the prime factors of 634969907?
11, 13, 17, 149, 1753
What are the prime